{"id":297,"date":"2024-04-02T11:42:00","date_gmt":"2024-04-02T11:42:00","guid":{"rendered":"http:\/\/www.percin.net.tr\/?page_id=297"},"modified":"2024-04-02T11:55:40","modified_gmt":"2024-04-02T11:55:40","slug":"ozel-urunler","status":"publish","type":"page","link":"https:\/\/www.percin.net.tr\/?page_id=297","title":{"rendered":"\u00d6zel \u00dcr\u00fcnler"},"content":{"rendered":"<div class=\"\" style=\"\" >\n    \n    <section class=\"u-clearfix u-grey-10 u-section-2\" id=\"sec-b3c5\">\n      <div class=\"u-clearfix u-sheet u-valign-middle u-sheet-1\">\n        <div class=\"data-layout-selected u-clearfix u-expanded-width u-gutter-0 u-layout-wrap u-layout-wrap-1\">\n          <div class=\"u-layout\" style=\"\">\n            <div class=\"u-layout-row\" style=\"\">\n              <div class=\"u-align-left u-container-style u-image u-layout-cell u-left-cell u-shading u-size-30 u-size-xs-60 u-image-1\" src=\"\" data-image-width=\"348\" data-image-height=\"255\" style=\"background-image: linear-gradient(0deg, rgba(0, 0, 0, 0.25), rgba(0, 0, 0, 0.25)), url(&quot;https:\/\/www.percin.net.tr\/wp-content\/uploads\/2024\/04\/Big_48e91b91-4f64-4ce2-ac22-3bcfe3e7d716.jpg&quot;);\">\n                <div class=\"u-container-layout u-container-layout-1\" src=\"\"><\/div>\n              <\/div>\n              <div class=\"u-align-left-lg u-align-left-md u-align-left-sm u-align-left-xl u-container-style u-grey-5 u-layout-cell u-right-cell u-size-30 u-size-xs-60 u-layout-cell-2\">\n                <div class=\"u-container-layout u-valign-top-xs u-container-layout-2\">\n                  <h2 class=\"u-align-center-xs u-align-left-lg u-align-left-md u-align-left-sm u-align-left-xl u-text u-text-custom-color-3 u-text-default u-text-1\">\u00d6zel \u00dcr\u00fcnler<\/h2>\n                  <p class=\"u-align-left u-text u-text-2\"> Malzeme : Al\u00fcminyum<\/p>\n                  <a href=\"https:\/\/www.percin.net.tr\/?page_id=135\" class=\"u-active-custom-color-3 u-border-2 u-border-active-grey-5 u-border-custom-color-3 u-border-hover-custom-color-3 u-btn u-btn-round u-button-style u-custom-color-3 u-hover-grey-10 u-radius u-text-active-white u-text-hover-custom-color-3 u-text-white u-btn-1\">teklif iste <\/a>\n                <\/div>\n              <\/div>\n            <\/div>\n          <\/div>\n        <\/div>\n      <\/div>\n    <\/section>\n    \n    \n    \n    \n  \n<\/div>","protected":false},"excerpt":{"rendered":"<p>\u00d6zel \u00dcr\u00fcnler Malzeme : Al\u00fcminyum teklif iste<\/p>\n","protected":false},"author":2,"featured_media":0,"parent":0,"menu_order":0,"comment_status":"closed","ping_status":"closed","template":"","meta":{"footnotes":""},"class_list":["post-297","page","type-page","status-publish","hentry"],"_links":{"self":[{"href":"https:\/\/www.percin.net.tr\/index.php?rest_route=\/wp\/v2\/pages\/297","targetHints":{"allow":["GET"]}}],"collection":[{"href":"https:\/\/www.percin.net.tr\/index.php?rest_route=\/wp\/v2\/pages"}],"about":[{"href":"https:\/\/www.percin.net.tr\/index.php?rest_route=\/wp\/v2\/types\/page"}],"author":[{"embeddable":true,"href":"https:\/\/www.percin.net.tr\/index.php?rest_route=\/wp\/v2\/users\/2"}],"replies":[{"embeddable":true,"href":"https:\/\/www.percin.net.tr\/index.php?rest_route=%2Fwp%2Fv2%2Fcomments&post=297"}],"version-history":[{"count":2,"href":"https:\/\/www.percin.net.tr\/index.php?rest_route=\/wp\/v2\/pages\/297\/revisions"}],"predecessor-version":[{"id":332,"href":"https:\/\/www.percin.net.tr\/index.php?rest_route=\/wp\/v2\/pages\/297\/revisions\/332"}],"wp:attachment":[{"href":"https:\/\/www.percin.net.tr\/index.php?rest_route=%2Fwp%2Fv2%2Fmedia&parent=297"}],"curies":[{"name":"wp","href":"https:\/\/api.w.org\/{rel}","templated":true}]}}